 c(b) = b**3 + 3*b**2 - b - 3. What is c(d)?
-15
Let n(s) = s**2 + s + 1. Let x(l) = -2*l - 2*l + 0 - 2*l**2 - 6 + 7*l. Let j(o) = -n(o) - x(o). What is j(4)?
5
Let z(k) be the first derivative of -k**4/4 - k**3 - 3*k**2/2 - 3*k + 2. Suppose 0 = 4*f + 3*t + 8, -2*f - 4 = -0*f - 2*t. Determine z(f).
-1
Suppose 0 = -2*m - 5 - 7. Let h(k) = -k - 10. What is h(m)?
-4
Let a(y) = 10*y + 7 + 2 - 9*y. Let t be a(-8). Let d = t - -5. Let b(h) = h**3 - 6*h**2 + 2*h - 5. Give b(d).
7
Let b(i) = 5 - 3*i + 0 + 1. Let g be 170/45 + 2/9. Calculate b(g).
-6
Let a(g) = -g**2 + g + 1. Let d = -7 - -11. Let h be d/18 - (-679)/63. Suppose 0 = -3*q + 5*p - 2*p + 15, 4*p + h = q. What is a(q)?
-5
Let o(y) be the first derivative of y**4/4 - 4*y**3/3 + 2*y - 1. Give o(3).
-7
Let p(h) = h**2 + 5*h + 3. Let a be p(-5). Let o be 4*-2*(-2)/8. Let n(l) = o + l - 5*l + 5*l. Give n(a).
5
Let i(a) = 5*a**2 + 2 - 3 + 2. Suppose -y = -337 + 338. Give i(y).
6
Let r(n) be the first derivative of -2*n**3/3 + 5*n**2/2 - 4. What is r(4)?
-12
Let f(a) = a**2 + a - 1. Let d(y) = -4*y**2 - 10*y + 9. Let v(o) = d(o) + 3*f(o). Give v(-6).
12
Suppose -20 = -4*a, -2*t + 5*a - 2*a - 23 = 0. Let m be t/(-8)*(2 + -2). Let l(f) be the third derivative of f**5/60 - f**3/6 + 2*f**2. Determine l(m).
-1
Let g(n) = -n + 10. Let j be g(5). Let w(t) be the first derivative of -t**4/4 + 4*t**3/3 + 2*t**2 - 2*t + 3. Determine w(j).
-7
Let d = -1 + 4. Let t(i) = 3*i**2 + d - 4*i**2 - i + 3 - 2*i. Let b = 0 + -5. Give t(b).
-4
Let v be ((-2)/(-2) + -4)/1. Let i(w) = -44*w + 91*w - 46*w. Give i(v).
-3
Let o = -29 - -32. Let x(b) = -3*b. Calculate x(o).
-9
Suppose 2*m + 18 = c + 8, 18 = 5*c - 2*m. Let p(g) = 2*g**2 - 2*g. What is p(c)?
4
Let w(a) = a**3 - 2*a**2 - a - 4. Let m be (9/(-4))/(2/8). Let b = -1 - m. Let t = -5 + b. What is w(t)?
2
Let m be (2/5)/((-34)/(-85)). Let x(y) = -5*y + 1. Calculate x(m).
-4
Let j be (-4)/4*2*-4. Let v be (-1)/(j/(-6) + 1). Let m(y) = y - 4. Let w(q) = q - 1. Let d(b) = m(b) - 2*w(b). Determine d(v).
-5
Suppose 5*g = 5*y + 5, 0*y - 4*y + 5 = -g. Suppose -s + 0 + y = 0. Let t(z) = z**3 + s*z + 2 + 0*z**3 + 2*z**2 + 2*z. What is t(-2)?
-6
Let g(u) = u + 1. Let s(a) = -4*a - 3. Let m = -20 - -16. Let c(f) = m*s(f) - 14*g(f). What is c(-2)?
-6
Let r be (-1 - 2) + 84/4. Suppose 4*c = -r - 6. Let t(v) = -v**3 - 5*v**2 + 6*v - 6. Determine t(c).
-6
Let p(y) = -y**2 + 6*y + 3. Let g = -4 - -9. What is p(g)?
8
Let b(j) = 4*j - 2*j - 3*j - j**3 + 6*j**2. What is b(6)?
-6
Let s(x) = 9*x**2 + x. Suppose -5*i + b - 2*b = -9, 0 = -2*i + b + 5. Suppose -c = -5, 4*v + 0*c + 2 = -i*c. Let l = v + 2. Determine s(l).
8
Let j(b) be the first derivative of -b**4/4 - b**3/3 - 3*b**2/2 - 3*b - 34. What is j(-2)?
7
Let i be (-28)/5 - (-6)/(-15). Let j(m) = -m**2 - 7*m - 5. Calculate j(i).
1
Let n = -67 + 65. Let s(q) = -3*q**2 + q + 4. Let r(b) = -6*b**2 + 2*b + 7. Let g(l) = 4*r(l) - 7*s(l). Give g(n).
-14
Suppose -5*v - 12 + 37 = 0. Let k(i) = 12 + 15*i**2 - 3 - 2*i**3 + 0 - 2*i. Let o(d) = d**3 - 8*d**2 + d - 4. Let r(p) = -3*k(p) - 5*o(p). Calculate r(v).
-2
Let b(m) = m**2 - m. Suppose -j = -1 - 3. Determine b(j).
12
Let h(n) = n**3 - 7*n**2 + n. Let t(p) = -p + 9. Let a be t(4). Let y(s) = -2*s**3 + 15*s**2 - 2*s. Let z(f) = a*h(f) + 2*y(f). What is z(5)?
5
Let s be 2/(((-15)/6)/(-5)). Suppose -s*l + 4 = -4*q, 4*q - 1 = 2*l - 3*l. Let z(u) = -4*u. Determine z(l).
-4
Let u(l) = l**3 - 4*l**2 - l + 3. Let r(n) = n**2 - 6*n + 2. Let v be r(7). Suppose -17*y + 20*y = v. Calculate u(y).
-9
Let y(v) be the third derivative of -v**9/60480 + v**8/4032 - v**7/2520 - v**6/240 + v**5/30 + v**2. Let h(s) be the third derivative of y(s). Give h(4).
5
Let l(z) be the second derivative of z**6/120 + z**5/10 + z**4/6 + z**3/6 + 3*z**2/2 + z. Let o(v) be the first derivative of l(v). What is o(-5)?
6
Let o = 0 + 3. Let x(h) = -o*h + h + h + 0*h. What is x(-1)?
1
Suppose -2*k + 4 = -6. Suppose z + 16 = 5*u - z, u - z - k = 0. Let b(a) = -3*a - 1. Give b(u).
-7
Let f(h) = 8*h + 2. Let u be f(-1). Let q(r) = r**3 + 5*r**2 - 6*r - 7. What is q(u)?
-7
Let r(u) be the third derivative of 0 + 0*u + 1/12*u**4 - 1/60*u**5 + 1/2*u**3 - u**2. Calculate r(-2).
-5
Let n be ((-2)/(-7))/(11/77). Let u(o) be the second derivative of o - 2*o**n + 0 + 1/3*o**3. Calculate u(5).
6
Let w be (0/(-3) - 0)/1. Let n(y) = -2*y + w + 0*y**2 - y**2 + 2. Let r be -1 - (2 - 0)*1. Determine n(r).
-1
Let d be 1/3*(-24)/(-2). Let n(x) = -x**2 - 12*x + 7. Let s(o) = 2*o**2 + 23*o - 13. Let z(f) = d*s(f) + 7*n(f). Give z(-7).
-10
Let n = -12 + 6. Let w(u) = u + 10. Calculate w(n).
4
Let r = -4 + 0. Let a(i) = -2*i**2 - 18*i + 2. Let s(l) = -l**2 - 8*l + 1. Let t(c) = -6*a(c) + 14*s(c). Calculate t(r).
-14
Suppose 4*j - 2 - 2 = 0. Let z(u) be the second derivative of 0*u**2 - 4*u + 1/6*u**4 - 1/5*u**5 + 0 - 1/6*u**3. What is z(j)?
-3
Let k(l) be the second derivative of l**4/12 + l**3/6 - 2*l**2 - 3*l. Let b(c) be the first derivative of k(c). What is b(-1)?
-1
Let v(m) = 2*m**3 + 4*m**2 + m - 2. Let r = 5 + -4. Let j be 1/r + (0 - 3). What is v(j)?
-4
Let i(y) = -y. Let h(a) = -5*a - 2. Let t(d) = -h(d) + 6*i(d). Calculate t(-3).
5
Let n(y) = y**3 + 3*y**2 - 5*y - 3. Suppose 3*g + 39 = -2*v, 4*v - 3*g = v - 51. Let w be 8/36 + 76/v. Calculate n(w).
1
Let m(j) be the second derivative of j**3/6 + 3*j**2/2 + j. Let t be (-4)/(-2) + -1 - -4. Suppose -11 = t*v + 4. Determine m(v).
0
Let b(k) = 2*k**2 + k - 5. Let o(d) = -d**2 - d + 3. Let t(m) = -6*b(m) - 11*o(m). Calculate t(5).
-3
Let n = 10 + -10. Let o(u) = 4*u - 3 + 0*u + n + 4. Give o(-1).
-3
Let m(k) be the first derivative of k**3/3 - 3*k**2 + k - 20. Determine m(3).
-8
Let t(u) be the third derivative of 1/120*u**6 + 0 - 1/15*u**5 - 1/24*u**4 + 0*u + 5/6*u**3 - 4*u**2. Give t(4).
1
Let l = 4 - 5. Let p(i) = 93 - i + 12*i**3 - 93 - i**2. What is p(l)?
-12
Let f(c) = -c + 5. Let z = 53 - 47. What is f(z)?
-1
Let f(t) = 2*t - 3. Let c = -1 + 4. Calculate f(c).
3
Suppose -2*z = -3*y - z + 3, -4*y - 4*z + 20 = 0. Let t(l) = l - 1. Let d(g) = -11*g + 3. Let i(u) = y*t(u) + d(u). Calculate i(-1).
10
Let n(u) = u + 0*u**3 - 3*u + u**3 + u**2. Let v be 76/18 - 4/18. Suppose -2*i - 5*m + 5 = -1, 14 = -3*i + v*m. Determine n(i).
0
Let k(m) be the third derivative of m**6/120 + 7*m**5/60 + m**4/4 + 5*m**3/6 - 8*m**2. Give k(-6).
5
Let z(u) = 21*u + 4. Let m(f) = 5*f + 1. Let j(x) = 26*m(x) - 6*z(x). Let s(b) = b. Let d be s(2). Determine j(d).
10
Let c(m) be the first derivative of -m**3/3 + 4*m**2 + 5*m + 21. Calculate c(7).
12
Let g(d) = -6 + 1 - 6*d - 4 + 7*d. What is g(0)?
-9
Let g(m) = m**2 - 7*m - 4. Let k(x) = 3*x**2 - 20*x - 11. Let b(z) = 17*g(z) - 6*k(z). Give b(0).
-2
Let f(k) = 4*k**3 + k**2 - 4*k - 4. Let t(r) = 7*r**3 + 3*r**2 - 8*r - 8. Let s(m) = -5*f(m) + 3*t(m). What is s(-5)?
-9
Let v be (2/6)/(22/(-66)). Let p(d) = -4*d - 1. What is p(v)?
3
Let m be 4/6*30/10. Let o(u) = 3*u. Determine o(m).
6
Suppose 2*t = -8, 3*t = -3*b + 4*t - 11. Let w(k) be the second derivative of k**3/6 + k. What is w(b)?
-5
Let t(g) = -4*g**2 - 4 - g**3 - 3*g + 8 + 5*g. What is t(-4)?
-4
Let z = -7 + 3. Let q(v) = -v**3 - 5*v**2 - 3*v + 1. Determine q(z).
-3
Let a = 6 + -3. Let f(c) = -3*c - 2. What is f(a)?
-11
Let g(x) be the first derivative of -x**4/4 + x**3 + 2*x**2 + 2*x + 7. Give g(4).
2
Let b(s) be the first derivative of s**3/3 - 2*s**2 + 2*s - 12. Determine b(4).
2
Let l(j) = 4*j - 8. Let d(f) = -f + 1. Let y(r) = -12*d(r) - 2*l(r). What is y(-4)?
-12
Suppose -42 = -22*f + 8*f. Let w(v) = 3*v - 1. Determine w(f).
8
Let q(y) be the second derivative of y**4/12 - y**3/2 - 5*y**2/2 + 7*y. Give q(4).
-1
Let b(u) be the third derivative of 1/20*u**5 + 0*u + 0*u**3 - 1/8*u**4 + u**2 + 0. Let p(a) = a**2 + 3*a + 4. Let j be p(-2). What is b(j)?
6
Let k(x) = 2*x**2 - 3*x + 2. Suppose 2*r + 10 = 7*r. Suppose -12 = 4*g + 4*m, 3*g + m + 1 + r = 0. Let f = 2 + g. Calculate k(f).
4
Suppose -2*z = -3 - 7. Let n(l) = 16*l**2 - 22*l**2 - l**3 + 0*l - 5*l - z. Suppose -4 = q + 1. What is n(q)?
-5
Suppose 21 = 3*t + 6. Let o(v) be the second derivative of 0 + 2*v + 5/2*v**2 + 5/12*v**4 - v**3 + 1/20*v**t. What is o(-6)?
5
Let b(k) = -6*k**3 - 2*k**2 - 7*k - 11. Let p(c) = -5*c**3 - c**2 - 6*c - 10. Let